- 3*j**2 - 9*j - 10. Let u(f) = 3*k(f) - 2*t(f). Calculate u(7).
-3
Let g(b) = 0 + b**2 + 0 - b**3. Let q = 16 - 13. Suppose 4*h - 5*k - 24 = 0, 0 = h - q*h + 5*k + 22. Calculate g(h).
0
Let q = -11 - -8. Let z(f) = -f**2 + 3*f. Let h be z(3). Let k(w) = -2*w**2 - 1 + w**2 - 3*w + h. Give k(q).
-1
Suppose 0 = 2*m - 4*g + 2, -m - 20 = -5*m - 4*g. Suppose -3*y = 0, -2*z + m*y + 3 = -z. Let d(w) = 2*w - 4. What is d(z)?
2
Let w(l) = -5*l**2 - 7*l - 8. Let m(j) = 11*j**2 + 15*j + 17. Let h(a) = -6*m(a) - 13*w(a). Suppose 0 = -3*k + 5*k + 4. Let i be 27/15 - k/10. Determine h(i).
0
Let v be (-6)/(-4)*20/10. Suppose y - 5 = -2. Let n(t) = -2*t**3 + 4*t**y + 3*t - t**v + 3*t**2. Calculate n(-3).
-9
Let z(i) be the second derivative of -i**3/3 - 7*i**2/2 + 33*i. Suppose -3*n = n + 12. Let l = -8 - n. Determine z(l).
3
Let z(s) = -s + 4. Let y = -18 + 21. Calculate z(y).
1
Let z(l) be the third derivative of -l**6/120 - l**5/30 + l**4/12 + 4*l**2. Determine z(2).
-12
Let l = 14 - 8. Let p(u) = -u**3 + 1 + 3 - 7*u + l*u + 2*u**2. What is p(3)?
-8
Let d(q) = -10*q**2 + q. Let h = -96 - -97. What is d(h)?
-9
Let a(x) = 13*x**2 + 13*x - 7. Let t(b) = -11*b**2 - 12*b + 6. Let c(p) = 5*a(p) + 6*t(p). Determine c(-7).
1
Let l(k) = -k + 6. Let n(d) = d**3 + d**2 + d + 1. Let s be n(-1). What is l(s)?
6
Suppose y = 4*y - 6. Suppose 29 = 3*v - 4*t, -y*v + 2*t + 9 = -7. Let b(f) be the third derivative of f**6/120 - f**5/60 - f**4/8 - f**3/2 - f**2. What is b(v)?
6
Suppose -7 = 4*k - 3. Let b(f) = -2*f**2 + 3*f + 4. Suppose -2*l + 0 + 2 = 0. Let y(q) = q**2 + q + 1. Let s(j) = l*b(j) - 3*y(j). Determine s(k).
-4
Let b(s) = -s + 3. Suppose 2*k + 0*r + 46 = 2*r, 0 = 4*k - 2*r + 82. Let d be (-6)/(-27) + 4/k. Suppose d = -3*q - q. What is b(q)?
3
Let l(x) be the first derivative of 1/4*x**4 + 2*x**2 - 5*x - 8 - 4/3*x**3. Suppose o - 3*h - 4 = 0, -3*h + 3 = 2*o - 5. Give l(o).
11
Let d be 4/(-16)*-4 - -4. Let v(m) = m**2 - 5*m + 4. Calculate v(d).
4
Let v(z) = z**2 + 5 - 9 - 4*z + 2*z. Suppose -3*q - 12 = -7*q. Give v(q).
-1
Let j(t) be the third derivative of -t**5/30 - 15*t**2. Calculate j(2).
-8
Suppose 2*i + 5 = 1. Let f(w) = 0*w**3 + w**2 + 2 - 2*w - 2*w**2 - w**3 + 5*w. Give f(i).
0
Let w(v) = 3*v**2 - 5*v**2 + 3 + 0 + v**2 + 4*v. Give w(4).
3
Suppose -4*q = -j, 3*j + 5*q = 15 + 2. Let y(n) = -13*n - 3. Let c(t) = 6*t + 1. Let u(d) = -9*c(d) - 4*y(d). Give u(j).
-5
Let p(n) = -3*n + 2. Let l = 3 - -5. Let w = -6 + l. Determine p(w).
-4
Let s(y) = y**3 + y**2 + y - 1. Let q(c) = 8*c**3 + 5*c**2 + 5*c - 6. Let p(j) = -q(j) + 5*s(j). Suppose 0 = 4*z - 13*z - 9. What is p(z)?
4
Suppose 4*i = 5*j + 3, 2*j + 3*j = -2*i + 9. Let m(w) = -3*w + 2*w**i - 3*w**2 + 0*w**2 + 0*w**2. What is m(-3)?
0
Suppose -2*z + 0*z = 4. Let q be 2 + (-2)/4*z. Let j(a) = -2*a**2 + 1 - 6 - 3*a + 3 + 1 + a**3. What is j(q)?
-1
Let d(f) = 3*f + 6. Let g(h) = 2. Let s(t) = -2*d(t) + 10*g(t). Let k(b) = b - 1. Let j(c) = -4*k(c) - s(c). Give j(4).
4
Let v(r) = -r - 4. Let h = 0 + -1. Let b(g) = g. Let y(z) = h*v(z) - 2*b(z). Determine y(6).
-2
Suppose 25 = -p + 6*p. Let l(u) be the third derivative of -u**4/24 + 2*u**3/3 + 2*u**2. Calculate l(p).
-1
Let t(p) = p**2 + 3*p + 2. Let u be t(-2). Suppose u*g - 5*j - 30 = 5*g, -2*j - 14 = 3*g. Let v(d) = d**3 + 2*d**2 + 2*d - 2. Give v(g).
-6
Let o(p) = p**2 + 3*p + 1. Suppose 0 = 8*r - 12*r - 16. Give o(r).
5
Let a(i) be the first derivative of -4*i**3/3 + i**2/2 + 3. Calculate a(-1).
-5
Suppose -50 = -0*u - 5*u. Suppose 2*t = -4*m + 22, -m - 3*t = -2*m - 12. Let b(i) = 6*i. Let s(j) = -2*j. Let z(d) = m*b(d) + u*s(d). Give z(1).
-2
Let s(m) = -4*m**3 + m. Let j = 35 - 36. Determine s(j).
3
Let c(y) = 4 + 13*y - 14*y**2 - 10*y + 15*y**2. Give c(-5).
14
Let f(u) = -6*u**2 - 8*u - 3. Let m(h) = 7*h**2 + 9*h + 3. Let w(k) = 5*f(k) + 4*m(k). Determine w(-3).
-9
Let f be (2/(-4))/(1/(-8)). Let s(z) be the first derivative of z - 1/4*z**f + 2/3*z**3 - 1/2*z**2 - 1. What is s(2)?
-1
Let v(l) = -2*l**2 + 3*l - 7. Let b(a) = a**2 - 2*a + 3. Let t(x) = 7*b(x) + 3*v(x). What is t(5)?
0
Let m be (-14)/(-4) + (-2)/4. Let a(w) be the second derivative of -w**4/4 + 2*w**3/3 - 3*w**2/2 + 22*w. Give a(m).
-18
Let j(m) = -3*m. Let f(b) = 13*b - 1. Let g(c) = 2*f(c) + 9*j(c). Determine g(4).
-6
Let k(z) be the first derivative of -z**3/3 - 5*z**2/2 + 1. Let f(o) = -o**3 - 4*o**2 - 4*o - 3. Let b be f(-2). Calculate k(b).
6
Let k be -1 - (-11 + 1)/2. Let j = 4 - k. Let g(r) = r - r - r + j. Give g(-3).
3
Let j(q) = -q**2 + 5*q - 6. Suppose 0*f + f = 0. Suppose f*z = -3*z. Suppose 2*w - 7 = k, z = -w + 4*k - 3 - 4. Calculate j(w).
-6
Let x = -15 + 18. Let q(p) = 2*p. Determine q(x).
6
Let w(s) = -5*s**3 + 7*s**2 - 6*s. Let j(r) = 5*r**3 - 6*r**2 + 5*r. Let h(b) = 6*j(b) + 5*w(b). Give h(1).
4
Let h = 13 - 8. Suppose 12 + 0 = 4*m. Let x(i) = -i**3 - 11*i**2 + i**m + 5 + i**3 + 5*i**2 + 5*i. What is x(h)?
5
Let y(l) = l. Let n(g) = -5*g + 5. Let i(o) = -n(o) - 6*y(o). Let z(x) = -x**2 + 3*x. Let t be z(4). Calculate i(t).
-1
Let b be (-12 - -10)/4*(-24)/(-2). Let d(x) = 3*x + 7. What is d(b)?
-11
Let h = -41 - -20. Let x = 20 + h. Let q(a) = 10*a**2 + a. What is q(x)?
9
Let i(b) = 6*b**2 - 8*b - 4. Let k(g) = 7*g**2 - 9*g - 5. Suppose -30 = 4*h + h. Let s(u) = h*i(u) + 5*k(u). Determine s(2).
1
Let s(r) = 1 + 2*r - 4 + 2 + 3. Let g = -11 + 8. Give s(g).
-4
Let c(m) = -m. Suppose -18 = -h - h + 4*z, 5*z = -10. What is c(h)?
-5
Let b = -12 + 6. Let v(f) = -f**2 - 7*f + 2. Give v(b).
8
Suppose -31 = -4*v + 29. Let o = v + -10. Let i(p) = -p**2 + 3*p + 7. Give i(o).
-3
Let u be (-2)/(-10) - 9/(-5). Let v(i) = i**2 + 4*i + 0 - 3 - 2*i**u + 0. Suppose 4*b - 6*b + 8 = 0. Give v(b).
-3
Let f(u) = u**3 - 5*u**2 + 2*u - 3. Let l(h) = -h + 4. Let w be l(0). Determine f(w).
-11
Let y = -14 + 23. Let o(x) = -4*x + 5*x - y*x**2 - 1 + x. What is o(1)?
-8
Let d(l) be the first derivative of l**2 - 9*l + 3. Calculate d(6).
3
Let o(b) be the third derivative of 0*b**3 - 1/24*b**4 + b**2 + 0 + 0*b. Let z be 0 - ((-6)/(-2) - 6). What is o(z)?
-3
Suppose -48 = 4*u - 12. Let l = u - -6. Let v(b) = b - 1. Determine v(l).
-4
Let d(a) = a - 2. Let k = -50 - -56. Calculate d(k).
4
Let u(d) = d**3 - 4*d**2 - d + 1. Suppose 3*t - 5*t = 2. Let q be 1 + t + 9 + -5. What is u(q)?
-3
Let p(f) be the second derivative of -f**4/24 + f**3/6 + f**2 + 3*f. Let b(d) be the first derivative of p(d). Determine b(3).
-2
Let i(o) be the third derivative of -o**4/24 - o**3 + 5*o**2. Determine i(5).
-11
Let n = -5 - -6. Let i(h) = 2*h**2 + n + 0 - 3*h**2 - 4*h**2. Determine i(-1).
-4
Let i(p) = p**3 + 7*p**2 - 9*p - 4. Let z = -5 + -3. Let r be i(z). Let m(u) = 2*u + 1. Give m(r).
9
Suppose 4*d + 5 = 25. Suppose 3*j = 2*t - 44, 2*j - 3*j - 9 = d*t. Let i be (-4)/8 + j/(-4). Let n(l) = -l**3 + l**2 + 5*l - 4. Give n(i).
-7
Let v(k) = -k**2 + 3*k - 4. Let s(a) = -a**3 + 9*a**2 - a + 12. Let m be s(9). What is v(m)?
-4
Let c = -99 + 106. Let o(i) = i - 8. Calculate o(c).
-1
Suppose -3*y - 6 = 0, 4*a - 5*a + 22 = -5*y. Let q(t) = t**2 - 12*t - 1. Give q(a).
-1
Let x(y) = 8*y**2 - 2 - y**3 - 3*y**2 - 5*y + y. Let c(i) = i - 4. Let g be c(6). Let j be 2 + 0/(-1) + g. Give x(j).
-2
Let d(a) = -a. Let h(q) be the first derivative of 5*q**3/3 - 3*q**2/2 - q + 3. Let l(p) = 4*d(p) - h(p). What is l(1)?
-5
Let y(g) = -g - 1. Let u be (-13)/3 + 6/18. What is y(u)?
3
Let d(q) = -3*q**2 - 15 + 0*q**2 + 9*q + 4*q**2. Let b be d(-11). Let v(m) = -m**3 + 7*m**2 - m + 5. Let w be v(b). Let h(i) = 2*i - 1. What is h(w)?
-5
Let v(j) = j + 7. Let b(o) = 2*o**2 - o + 1. Let l be b(1). Let n be (3 - 3)/(l/(-1)). What is v(n)?
7
Let o(v) be the second derivative of -v**5/20 - 3*v**4/4 + 3*v**3/2 - 9*v**2/2 - 7*v. Let d be o(-10). Let h(m) = -8*m**2 + m. Give h(d).
-7
Let f(q) = q**2 - 3*q + 7. Let v(b) = 2*b**2 - 6*b + 13. Let m(x) = 5*f(x) - 3*v(x). Let y be (-20 - -17)/(1 - 2). Determine m(y).
-4
Let s = 74 - 72. Let i(r) = -r**3 + 2*r**2 - 2*r - 1. What is i(s)?
-5
Suppose 2*f - 4 = q, 4*f - 5 = 7. Let p(z) = -3*z**3 + 2*z**2 + 3*z - 3. Calculate p(q).
-13
Suppose -o + 3*s + 16 = 0, -4*o = -3*o - 4*s - 19. Let v(h) = 2 - 5*h**2 + 4*h**2 - o + 7*h + 2. Determine v(6).
3
Let t = 9 + -13. Let m(q) = 5*q + 3 - 3*q**2 - q**2 + 5*q**2 